{"id":22945,"date":"2026-03-20T17:17:46","date_gmt":"2026-03-20T16:17:46","guid":{"rendered":"https:\/\/www.oltresrl.eu\/?page_id=22945"},"modified":"2026-03-26T12:30:42","modified_gmt":"2026-03-26T11:30:42","slug":"corso-gratuito-tecnico-logistica-trasporti-e-distribuzione","status":"publish","type":"page","link":"https:\/\/www.oltresrl.eu\/index.php\/corso-gratuito-tecnico-logistica-trasporti-e-distribuzione\/","title":{"rendered":"Corso gratuito Tecnico Logistica, Trasporti e Distribuzione\u00a0"},"content":{"rendered":"\t\t<div data-elementor-type=\"wp-page\" data-elementor-id=\"22945\" class=\"elementor elementor-22945\">\n\t\t\t\t\t\t<section class=\"elementor-section elementor-top-section elementor-element elementor-element-611a1de elementor-section-content-middle elementor-section-boxed elementor-section-height-default elementor-section-height-default\" data-id=\"611a1de\" data-element_type=\"section\" data-e-type=\"section\" data-settings=\"{&quot;background_background&quot;:&quot;classic&quot;}\">\n\t\t\t\t\t\t<div class=\"elementor-container elementor-column-gap-default\">\n\t\t\t\t\t<div class=\"aux-parallax-section elementor-column elementor-col-50 elementor-top-column elementor-element elementor-element-c4486eb\" data-id=\"c4486eb\" data-element_type=\"column\" data-e-type=\"column\">\n\t\t\t<div class=\"elementor-widget-wrap elementor-element-populated\">\n\t\t\t\t\t\t<section class=\"elementor-section elementor-inner-section elementor-element elementor-element-3ccd01d elementor-section-boxed elementor-section-height-default elementor-section-height-default\" data-id=\"3ccd01d\" data-element_type=\"section\" data-e-type=\"section\">\n\t\t\t\t\t\t<div class=\"elementor-container elementor-column-gap-default\">\n\t\t\t\t\t<div class=\"aux-parallax-section elementor-column elementor-col-100 elementor-inner-column elementor-element elementor-element-847c28f\" data-id=\"847c28f\" data-element_type=\"column\" data-e-type=\"column\">\n\t\t\t<div class=\"elementor-widget-wrap elementor-element-populated\">\n\t\t\t\t\t\t<div class=\"elementor-element elementor-element-f748672 elementor-widget elementor-widget-text-editor\" data-id=\"f748672\" data-element_type=\"widget\" data-e-type=\"widget\" data-widget_type=\"text-editor.default\">\n\t\t\t\t<div class=\"elementor-widget-container\">\n\t\t\t\t\t\t\t\t\t<h1 style=\"font-size: 33px;\">Corso gratuito Tecnico Logistica, Trasporti e Distribuzione<\/h1><h2 style=\"font-size: 22px;\">CORSO GRATUITO PROMOSSO DA RANDSTAD IN PARTNERSHIP CON OLTRE E FINANZIATO DA FORMATEMP CON POSSIBILIT\u00c0 DI INSERIMENTO IN AZIENDA<\/h2>\t\t\t\t\t\t\t\t<\/div>\n\t\t\t\t<\/div>\n\t\t\t\t<div class=\"elementor-element elementor-element-c2ff940 elementor-align-start elementor-icon-list--layout-traditional elementor-list-item-link-full_width elementor-widget elementor-widget-icon-list\" data-id=\"c2ff940\" data-element_type=\"widget\" data-e-type=\"widget\" data-widget_type=\"icon-list.default\">\n\t\t\t\t<div class=\"elementor-widget-container\">\n\t\t\t\t\t\t\t<ul class=\"elementor-icon-list-items\">\n\t\t\t\t\t\t\t<li class=\"elementor-icon-list-item\">\n\t\t\t\t\t\t\t\t\t\t\t<span class=\"elementor-icon-list-icon\">\n\t\t\t\t\t\t\t<svg aria-hidden=\"true\" class=\"e-font-icon-svg e-far-calendar-check\" viewBox=\"0 0 448 512\" xmlns=\"http:\/\/www.w3.org\/2000\/svg\"><path d=\"M400 64h-48V12c0-6.627-5.373-12-12-12h-40c-6.627 0-12 5.373-12 12v52H160V12c0-6.627-5.373-12-12-12h-40c-6.627 0-12 5.373-12 12v52H48C21.49 64 0 85.49 0 112v352c0 26.51 21.49 48 48 48h352c26.51 0 48-21.49 48-48V112c0-26.51-21.49-48-48-48zm-6 400H54a6 6 0 0 1-6-6V160h352v298a6 6 0 0 1-6 6zm-52.849-200.65L198.842 404.519c-4.705 4.667-12.303 4.637-16.971-.068l-75.091-75.699c-4.667-4.705-4.637-12.303.068-16.971l22.719-22.536c4.705-4.667 12.303-4.637 16.97.069l44.104 44.461 111.072-110.181c4.705-4.667 12.303-4.637 16.971.068l22.536 22.718c4.667 4.705 4.636 12.303-.069 16.97z\"><\/path><\/svg>\t\t\t\t\t\t<\/span>\n\t\t\t\t\t\t\t\t\t\t<span class=\"elementor-icon-list-text\"><b>Partenza Corso:<\/b> 24\/03\/2026<\/span>\n\t\t\t\t\t\t\t\t\t<\/li>\n\t\t\t\t\t\t\t\t<li class=\"elementor-icon-list-item\">\n\t\t\t\t\t\t\t\t\t\t\t<span class=\"elementor-icon-list-icon\">\n\t\t\t\t\t\t\t<svg aria-hidden=\"true\" class=\"e-font-icon-svg e-far-clock\" viewBox=\"0 0 512 512\" xmlns=\"http:\/\/www.w3.org\/2000\/svg\"><path d=\"M256 8C119 8 8 119 8 256s111 248 248 248 248-111 248-248S393 8 256 8zm0 448c-110.5 0-200-89.5-200-200S145.5 56 256 56s200 89.5 200 200-89.5 200-200 200zm61.8-104.4l-84.9-61.7c-3.1-2.3-4.9-5.9-4.9-9.7V116c0-6.6 5.4-12 12-12h32c6.6 0 12 5.4 12 12v141.7l66.8 48.6c5.4 3.9 6.5 11.4 2.6 16.8L334.6 349c-3.9 5.3-11.4 6.5-16.8 2.6z\"><\/path><\/svg>\t\t\t\t\t\t<\/span>\n\t\t\t\t\t\t\t\t\t\t<span class=\"elementor-icon-list-text\"><b>Ore Corso:<\/b> 160 h<\/span>\n\t\t\t\t\t\t\t\t\t<\/li>\n\t\t\t\t\t\t\t\t<li class=\"elementor-icon-list-item\">\n\t\t\t\t\t\t\t\t\t\t\t<span class=\"elementor-icon-list-icon\">\n\t\t\t\t\t\t\t<svg aria-hidden=\"true\" class=\"e-font-icon-svg e-fas-laptop\" viewBox=\"0 0 640 512\" xmlns=\"http:\/\/www.w3.org\/2000\/svg\"><path d=\"M624 416H381.54c-.74 19.81-14.71 32-32.74 32H288c-18.69 0-33.02-17.47-32.77-32H16c-8.8 0-16 7.2-16 16v16c0 35.2 28.8 64 64 64h512c35.2 0 64-28.8 64-64v-16c0-8.8-7.2-16-16-16zM576 48c0-26.4-21.6-48-48-48H112C85.6 0 64 21.6 64 48v336h512V48zm-64 272H128V64h384v256z\"><\/path><\/svg>\t\t\t\t\t\t<\/span>\n\t\t\t\t\t\t\t\t\t\t<span class=\"elementor-icon-list-text\"><b>Metodologia<\/b>: Aula virtuale + e-learning<\/span>\n\t\t\t\t\t\t\t\t\t<\/li>\n\t\t\t\t\t\t<\/ul>\n\t\t\t\t\t\t<\/div>\n\t\t\t\t<\/div>\n\t\t\t\t\t<\/div>\n\t\t<\/div>\n\t\t\t\t\t<\/div>\n\t\t<\/section>\n\t\t\t\t\t<\/div>\n\t\t<\/div>\n\t\t\t\t<div class=\"aux-parallax-section elementor-column elementor-col-50 elementor-top-column elementor-element elementor-element-7137fd6\" data-id=\"7137fd6\" data-element_type=\"column\" data-e-type=\"column\">\n\t\t\t<div class=\"elementor-widget-wrap elementor-element-populated\">\n\t\t\t\t\t\t<div class=\"elementor-element elementor-element-23e03b2 elementor-widget elementor-widget-image\" data-id=\"23e03b2\" data-element_type=\"widget\" data-e-type=\"widget\" data-widget_type=\"image.default\">\n\t\t\t\t<div class=\"elementor-widget-container\">\n\t\t\t\t\t\t\t\t\t\t\t\t\t\t\t<img decoding=\"async\" src=\"https:\/\/www.oltresrl.eu\/wp-content\/uploads\/elementor\/thumbs\/CORSO-GRATIS-Tecnico-Logistica-Trasporti-Distribuzione-rkslobmxb98dzvrkgwbfzwkr3o1xo5443qd498lgo0.png\" title=\"CORSO-GRATIS-Tecnico-Logistica-Trasporti-Distribuzione\" alt=\"CORSO-GRATIS-Tecnico-Logistica-Trasporti-Distribuzione\" loading=\"lazy\" \/>\t\t\t\t\t\t\t\t\t\t\t\t\t\t\t<\/div>\n\t\t\t\t<\/div>\n\t\t\t\t\t<\/div>\n\t\t<\/div>\n\t\t\t\t\t<\/div>\n\t\t<\/section>\n\t\t\t\t<section class=\"elementor-section elementor-top-section elementor-element elementor-element-172c2d4 elementor-section-boxed elementor-section-height-default elementor-section-height-default\" data-id=\"172c2d4\" data-element_type=\"section\" data-e-type=\"section\" data-settings=\"{&quot;background_background&quot;:&quot;classic&quot;}\">\n\t\t\t\t\t\t<div class=\"elementor-container elementor-column-gap-default\">\n\t\t\t\t\t<div class=\"aux-parallax-section elementor-column elementor-col-100 elementor-top-column elementor-element elementor-element-b035da4\" data-id=\"b035da4\" data-element_type=\"column\" data-e-type=\"column\">\n\t\t\t<div class=\"elementor-widget-wrap elementor-element-populated\">\n\t\t\t\t\t\t<div class=\"elementor-element elementor-element-a235638 elementor-widget elementor-widget-heading\" data-id=\"a235638\" data-element_type=\"widget\" data-e-type=\"widget\" data-widget_type=\"heading.default\">\n\t\t\t\t<div class=\"elementor-widget-container\">\n\t\t\t\t\t<h3 class=\"elementor-heading-title elementor-size-default\">Il Corso<\/h3>\t\t\t\t<\/div>\n\t\t\t\t<\/div>\n\t\t\t\t<div class=\"elementor-element elementor-element-a705f11 elementor-widget elementor-widget-text-editor\" data-id=\"a705f11\" data-element_type=\"widget\" data-e-type=\"widget\" data-widget_type=\"text-editor.default\">\n\t\t\t\t<div class=\"elementor-widget-container\">\n\t\t\t\t\t\t\t\t\t<p>L\u2019obiettivo del corso \u00e8 fornire ai partecipanti le competenze operative e gestionali necessarie per organizzare e controllare in modo efficace le attivit\u00e0 di trasporto distribuzione e logistica. Al termine del percorso formativo, i partecipanti saranno in grado di gestire in modo strutturato le diverse tipologie di trasporto, pianificando viaggi e carichi in un\u2019ottica di ottimizzazione di tempi, costi e risorse. Il corso mira a sviluppare la capacit\u00e0 di coordinare vettori e fornitori, gestendo correttamente la documentazione di trasporto e applicando le normative nazionali ed europee. Particolare attenzione \u00e8 dedicata alla qualit\u00e0 del servizio, alla tracciabilit\u00e0 delle spedizioni e alla sostenibilit\u00e0 dei processi logistici. I partecipanti acquisiranno inoltre competenze per ricoprire il ruolo di Responsabile Ufficio Traffico, monitorando KPI e performance operative. Il corso fornisce strumenti pratici per l\u2019utilizzo di TMS e soluzioni digitali a supporto della pianificazione e del controllo. Verranno sviluppate capacit\u00e0 di monitoraggio delle spedizioni e gestione degli imprevisti. Infine, il percorso formativo consente di analizzare e controllare i costi di trasporto e di flotta, supportando decisioni operative consapevoli ed efficaci.<\/p>\t\t\t\t\t\t\t\t<\/div>\n\t\t\t\t<\/div>\n\t\t\t\t<div class=\"elementor-element elementor-element-e36dcea elementor-widget elementor-widget-heading\" data-id=\"e36dcea\" data-element_type=\"widget\" data-e-type=\"widget\" data-widget_type=\"heading.default\">\n\t\t\t\t<div class=\"elementor-widget-container\">\n\t\t\t\t\t<h3 class=\"elementor-heading-title elementor-size-default\">L'azienda che incontrerai<\/h3>\t\t\t\t<\/div>\n\t\t\t\t<\/div>\n\t\t\t\t<div class=\"elementor-element elementor-element-d56aab9 elementor-widget elementor-widget-image\" data-id=\"d56aab9\" data-element_type=\"widget\" data-e-type=\"widget\" data-widget_type=\"image.default\">\n\t\t\t\t<div class=\"elementor-widget-container\">\n\t\t\t\t\t\t\t\t\t\t\t\t\t\t\t<img decoding=\"async\" width=\"305\" height=\"100\" src=\"https:\/\/www.oltresrl.eu\/wp-content\/uploads\/2025\/08\/adrolog-logo.png\" class=\"attachment-full size-full wp-image-20925\" alt=\"\" \/>\t\t\t\t\t\t\t\t\t\t\t\t\t\t\t<\/div>\n\t\t\t\t<\/div>\n\t\t\t\t\t<\/div>\n\t\t<\/div>\n\t\t\t\t\t<\/div>\n\t\t<\/section>\n\t\t\t\t<section class=\"elementor-section elementor-top-section elementor-element elementor-element-eaa04be elementor-section-boxed elementor-section-height-default elementor-section-height-default\" data-id=\"eaa04be\" data-element_type=\"section\" data-e-type=\"section\">\n\t\t\t\t\t\t<div class=\"elementor-container elementor-column-gap-default\">\n\t\t\t\t\t<div class=\"aux-parallax-section elementor-column elementor-col-50 elementor-top-column elementor-element elementor-element-afa8230\" data-id=\"afa8230\" data-element_type=\"column\" data-e-type=\"column\">\n\t\t\t<div class=\"elementor-widget-wrap elementor-element-populated\">\n\t\t\t\t\t\t<div class=\"elementor-element elementor-element-33502b6 elementor-tabs-view-vertical elementor-widget elementor-widget-tabs\" data-id=\"33502b6\" data-element_type=\"widget\" data-e-type=\"widget\" data-widget_type=\"tabs.default\">\n\t\t\t\t<div class=\"elementor-widget-container\">\n\t\t\t\t\t\t\t<div class=\"elementor-tabs\">\n\t\t\t<div class=\"elementor-tabs-wrapper\" role=\"tablist\" >\n\t\t\t\t\t\t\t\t\t<div id=\"elementor-tab-title-5381\" class=\"elementor-tab-title elementor-tab-desktop-title\" aria-selected=\"true\" data-tab=\"1\" role=\"tab\" tabindex=\"0\" aria-controls=\"elementor-tab-content-5381\" aria-expanded=\"false\">Obiettivi<\/div>\n\t\t\t\t\t\t\t\t\t<div id=\"elementor-tab-title-5382\" class=\"elementor-tab-title elementor-tab-desktop-title\" aria-selected=\"false\" data-tab=\"2\" role=\"tab\" tabindex=\"-1\" aria-controls=\"elementor-tab-content-5382\" aria-expanded=\"false\">Sbocchi Lavorativi<\/div>\n\t\t\t\t\t\t\t\t\t<div id=\"elementor-tab-title-5383\" class=\"elementor-tab-title elementor-tab-desktop-title\" aria-selected=\"false\" data-tab=\"3\" role=\"tab\" tabindex=\"-1\" aria-controls=\"elementor-tab-content-5383\" aria-expanded=\"false\">Dove potrai lavorare<\/div>\n\t\t\t\t\t\t\t\t\t<div id=\"elementor-tab-title-5384\" class=\"elementor-tab-title elementor-tab-desktop-title\" aria-selected=\"false\" data-tab=\"4\" role=\"tab\" tabindex=\"-1\" aria-controls=\"elementor-tab-content-5384\" aria-expanded=\"false\">Benefit e Certificazioni<\/div>\n\t\t\t\t\t\t\t\t\t<div id=\"elementor-tab-title-5385\" class=\"elementor-tab-title elementor-tab-desktop-title\" aria-selected=\"false\" data-tab=\"5\" role=\"tab\" tabindex=\"-1\" aria-controls=\"elementor-tab-content-5385\" aria-expanded=\"false\">Dettagli Corso<\/div>\n\t\t\t\t\t\t\t\t\t<div id=\"elementor-tab-title-5386\" class=\"elementor-tab-title elementor-tab-desktop-title\" aria-selected=\"false\" data-tab=\"6\" role=\"tab\" tabindex=\"-1\" aria-controls=\"elementor-tab-content-5386\" aria-expanded=\"false\">Programma<\/div>\n\t\t\t\t\t\t\t\t\t<div id=\"elementor-tab-title-5387\" class=\"elementor-tab-title elementor-tab-desktop-title\" aria-selected=\"false\" data-tab=\"7\" role=\"tab\" tabindex=\"-1\" aria-controls=\"elementor-tab-content-5387\" aria-expanded=\"false\">Requisiti <\/div>\n\t\t\t\t\t\t\t<\/div>\n\t\t\t<div class=\"elementor-tabs-content-wrapper\" role=\"tablist\" aria-orientation=\"vertical\">\n\t\t\t\t\t\t\t\t\t<div class=\"elementor-tab-title elementor-tab-mobile-title\" aria-selected=\"true\" data-tab=\"1\" role=\"tab\" tabindex=\"0\" aria-controls=\"elementor-tab-content-5381\" aria-expanded=\"false\">Obiettivi<\/div>\n\t\t\t\t\t<div id=\"elementor-tab-content-5381\" class=\"elementor-tab-content elementor-clearfix\" data-tab=\"1\" role=\"tabpanel\" aria-labelledby=\"elementor-tab-title-5381\" tabindex=\"0\" hidden=\"false\"><p>Al termine del percorso formativo i partecipanti saranno in grado di:<\/p><ul><li>Gestire in modo strutturato le diverse tipologie di trasporto (stradale, intermodale, internazionale).<\/li><li>Pianificare viaggi e carichi ottimizzando tempi, costi e risorse operative.<\/li><li>Gestire vettori, fornitori e documentazione di trasporto (DDT, CMR, bolle, Incoterms).<\/li><li>Applicare correttamente le normative nazionali ed europee in materia di trasporti, sicurezza e responsabilit\u00e0.<\/li><li>Operare secondo principi di qualit\u00e0, tracciabilit\u00e0 e sostenibilit\u00e0 (logistica green, economia circolare).<\/li><li>Svolgere in modo efficace il ruolo di Responsabile Ufficio Traffico, gestendo attivit\u00e0 operative, compliance e KPI.<\/li><li>Utilizzare un TMS per la pianificazione operativa, la gestione di grandi volumi e l\u2019integrazione con magazzino e azienda.<\/li><li>Monitorare le spedizioni e gestire imprevisti operativi in modo tempestivo e strutturato.<\/li><li>Analizzare e controllare costi di trasporto e di flotta, inclusi consumi carburante e performance dei mezzi.<\/li><li>Gestire i mezzi di trasporto e gli strumenti digitali (tachigrafo, limiti di peso, tempi di guida e riposo, Excel e AI) a supporto del controllo operativo e decisionale.<\/li><\/ul><\/div>\n\t\t\t\t\t\t\t\t\t<div class=\"elementor-tab-title elementor-tab-mobile-title\" aria-selected=\"false\" data-tab=\"2\" role=\"tab\" tabindex=\"-1\" aria-controls=\"elementor-tab-content-5382\" aria-expanded=\"false\">Sbocchi Lavorativi<\/div>\n\t\t\t\t\t<div id=\"elementor-tab-content-5382\" class=\"elementor-tab-content elementor-clearfix\" data-tab=\"2\" role=\"tabpanel\" aria-labelledby=\"elementor-tab-title-5382\" tabindex=\"0\" hidden=\"hidden\"><p>Il percorso formativo prepara all\u2019inserimento in<\/p><ul><li>Aziende di logistica e trasporti<\/li><li>Aziende industriali e commerciali con reparto logistico interno<\/li><li>Societ\u00e0 di spedizioni e trasporti nazionali e internazionali<\/li><li>Aziende dotate di flotte aziendali o parchi mezzi<\/li><li>Addetto Ufficio Trasporti\u00a0<\/li><li>Operatore logistico&gt;<\/li><li>Assistente fleet manager<\/li><li>Tecnico junior della logistica e dei trasporti<\/li><\/ul><\/div>\n\t\t\t\t\t\t\t\t\t<div class=\"elementor-tab-title elementor-tab-mobile-title\" aria-selected=\"false\" data-tab=\"3\" role=\"tab\" tabindex=\"-1\" aria-controls=\"elementor-tab-content-5383\" aria-expanded=\"false\">Dove potrai lavorare<\/div>\n\t\t\t\t\t<div id=\"elementor-tab-content-5383\" class=\"elementor-tab-content elementor-clearfix\" data-tab=\"3\" role=\"tabpanel\" aria-labelledby=\"elementor-tab-title-5383\" tabindex=\"0\" hidden=\"hidden\"><p>Il corso prevede possibilit\u00e0 di placement dall\u2019APL Randstad in base alle richieste delle aziende del territorio<\/p><\/div>\n\t\t\t\t\t\t\t\t\t<div class=\"elementor-tab-title elementor-tab-mobile-title\" aria-selected=\"false\" data-tab=\"4\" role=\"tab\" tabindex=\"-1\" aria-controls=\"elementor-tab-content-5384\" aria-expanded=\"false\">Benefit e Certificazioni<\/div>\n\t\t\t\t\t<div id=\"elementor-tab-content-5384\" class=\"elementor-tab-content elementor-clearfix\" data-tab=\"4\" role=\"tabpanel\" aria-labelledby=\"elementor-tab-title-5384\" tabindex=\"0\" hidden=\"hidden\"><p>&#8211; Conseguimento attestato previa frequenza di almeno il 90% del mod. obbligatorio Sicurezza generale e di almeno il 70% del modulo obbligatorio diritti e doveri dei lavoratori e delle ore restanti<\/p><p>&#8211; Conseguimento attestato salute e sicurezza sui luoghi di lavoro rilasciato da Efei<\/p><\/div>\n\t\t\t\t\t\t\t\t\t<div class=\"elementor-tab-title elementor-tab-mobile-title\" aria-selected=\"false\" data-tab=\"5\" role=\"tab\" tabindex=\"-1\" aria-controls=\"elementor-tab-content-5385\" aria-expanded=\"false\">Dettagli Corso<\/div>\n\t\t\t\t\t<div id=\"elementor-tab-content-5385\" class=\"elementor-tab-content elementor-clearfix\" data-tab=\"5\" role=\"tabpanel\" aria-labelledby=\"elementor-tab-title-5385\" tabindex=\"0\" hidden=\"hidden\"><p>METODOLOGIA: Aula virtuale + E-Learning<\/p>\n<p>DURATA: 200 h<\/p>\n<p>Ore totali corso: 200 h<\/p>\n<p>Durata in giorni: 35<\/p>\n<p>Ore aula virtuale: 104 h<\/p>\n<p>Ore e-learning attraverso piattaforma oltre: 96 h<\/p>\n<p>Ore in presenza e laboratorio: 0 h<\/p>\n<p>Frequenza: dal luned\u00ec al venerd\u00ec<\/p>\n<p>Ore al giorno: 6 h (09:00-13:00\/14:00-16:00)<\/p>\n<p>Data inizio: 24\/03\/2026<\/p>\n<p>Data fine: 14\/05\/2026<\/p>\n<p>Frequenza: dal luned\u00ec al venerd\u00ec<\/p>\n<p>Ore al giorno: 6 h (09:00-13:00\/14:00-16:00)<\/p>\n<p>Data inizio: 24\/03\/2026<\/p>\n<p>Data fine: 27\/05\/2026<\/p>\n<p>\u2022 soggetto promotore: RANDSTAD ITALIA S.p.A. &#8211; Societ\u00e0 Unipersonale\u202f<\/p>\n<p>\u2022 soggetto attuatore: RANDSTAD HR SOLUTIONS S.R.L. \u2013 Societ\u00e0 Unipersonale<\/p><\/div>\n\t\t\t\t\t\t\t\t\t<div class=\"elementor-tab-title elementor-tab-mobile-title\" aria-selected=\"false\" data-tab=\"6\" role=\"tab\" tabindex=\"-1\" aria-controls=\"elementor-tab-content-5386\" aria-expanded=\"false\">Programma<\/div>\n\t\t\t\t\t<div id=\"elementor-tab-content-5386\" class=\"elementor-tab-content elementor-clearfix\" data-tab=\"6\" role=\"tabpanel\" aria-labelledby=\"elementor-tab-title-5386\" tabindex=\"0\" hidden=\"hidden\"><ul><li>Trasporti e ufficio trasporti<\/li><li>Normativa, qualit\u00e0 e logistica green<\/li><li>Ruolo: Responsabile Ufficio Traffico<\/li><li>TMS \u2013 Pianificazione operativa dei viaggi e gestione dei grandi volumi<\/li><li>Gestione, controllo e normativa dei mezzi di trasporto<\/li><li>Strumenti\u202fInformatici<\/li><li>Sostenibilit\u00e0<\/li><li>AI: Modelli \u2014 Linguaggi \u2014 Prompt efficaci<\/li><li>Trasporti e Distribuzione: Modelli Operativi, Documentazione e Ruoli Professionali<\/li><li>Competenze trasversali<\/li><\/ul><p><strong>SALUTE E SICUREZZA SUI LUOGHI DI LAVORO<\/strong> \u2013 Modulo obbligatorio<br \/><strong>DIRITTI E DOVERI DEI LAVORATORI<\/strong> \u2013 Modulo obbligatorio<\/p><\/div>\n\t\t\t\t\t\t\t\t\t<div class=\"elementor-tab-title elementor-tab-mobile-title\" aria-selected=\"false\" data-tab=\"7\" role=\"tab\" tabindex=\"-1\" aria-controls=\"elementor-tab-content-5387\" aria-expanded=\"false\">Requisiti <\/div>\n\t\t\t\t\t<div id=\"elementor-tab-content-5387\" class=\"elementor-tab-content elementor-clearfix\" data-tab=\"7\" role=\"tabpanel\" aria-labelledby=\"elementor-tab-title-5387\" tabindex=\"0\" hidden=\"hidden\"><p>Requisiti indispensabili di partecipazione<\/p><p><strong>A CHI \u00c8 RIVOLTO:<\/strong><\/p><p>&#8211; Disoccupati e Inoccupati<\/p><p>&#8211; Candidati a missione di lavoro in somministrazione (sia occupati che inoccupati) iscritti e selezionati da un\u2019agenzia per il lavoro<\/p><p>&#8211; Iscrizione all&#8217;APL Randstad attraverso il sito https:\/\/www.randstad.it\/registrati\/<\/p><p>&#8211; Diploma tecnico<\/p><p>&#8211; Conoscenza intermedia del pacchetto office: excel, word e powerpoint<br \/>&#8211; Eventuali corsi di formazione inerenti al corso Formatemp<\/p><p>Specifiche per partecipare all&#8217;Aula Virtuale<\/p><p>\u2022 Computer Windows o Mac. In caso di S.O. Windows, deve essere successivo a Windows XP<br \/>\u2022 Connessione a Internet: preferibilmente a banda larga e flat.<\/p><p>Webcam<\/p><p>Microfono e altoparlanti. I computer portatili sono dotati di microfono e altoparlanti incorporati; in caso di computer desktop, occorre dotarsi di cuffia e microfono.<\/p><p>Browser: Google Chrome, Microsoft Edge, Opera, Mozilla Firefox<\/p><p>Account di posta elettronica<\/p><\/div>\n\t\t\t\t\t\t\t<\/div>\n\t\t<\/div>\n\t\t\t\t\t\t<\/div>\n\t\t\t\t<\/div>\n\t\t\t\t\t<\/div>\n\t\t<\/div>\n\t\t\t\t<div class=\"aux-parallax-section elementor-column elementor-col-50 elementor-top-column elementor-element elementor-element-525c63b\" data-id=\"525c63b\" data-element_type=\"column\" data-e-type=\"column\" data-settings=\"{&quot;background_background&quot;:&quot;classic&quot;}\">\n\t\t\t<div class=\"elementor-widget-wrap elementor-element-populated\">\n\t\t\t\t\t\t<div class=\"elementor-element elementor-element-4821e5e elementor-widget elementor-widget-heading\" data-id=\"4821e5e\" data-element_type=\"widget\" data-e-type=\"widget\" data-widget_type=\"heading.default\">\n\t\t\t\t<div class=\"elementor-widget-container\">\n\t\t\t\t\t<h3 class=\"elementor-heading-title elementor-size-default\">PER INFORMAZIONI<\/h3>\t\t\t\t<\/div>\n\t\t\t\t<\/div>\n\t\t\t\t<div class=\"elementor-element elementor-element-5a70453 elementor-widget elementor-widget-text-editor\" data-id=\"5a70453\" data-element_type=\"widget\" data-e-type=\"widget\" data-widget_type=\"text-editor.default\">\n\t\t\t\t<div class=\"elementor-widget-container\">\n\t\t\t\t\t\t\t\t\t<strong>Contattare APL Ransdtad<\/strong>\n<br>\n<strong>email<\/strong> <a style=\"color: white;\" href=\"mailto:termoli@randstad.it\">termoli@randstad.it<\/a>\n<br>\n<strong>Filiale <\/strong> <a style=\"color: white;\" href=\"tel:0875 631367\">0875631367<\/a>\t\t\t\t\t\t\t\t<\/div>\n\t\t\t\t<\/div>\n\t\t\t\t\t<\/div>\n\t\t<\/div>\n\t\t\t\t\t<\/div>\n\t\t<\/section>\n\t\t\t\t<\/div>\n\t\t","protected":false},"excerpt":{"rendered":"<p>Corso gratuito &#8220;Tecnico Logistica, Trasporti e Distribuzione &#8221; promosso da Randstad in partnership con Oltre e finanziato da Formatemp con possibilit\u00e0 di inserimento in azienda. <\/p>\n","protected":false},"author":12,"featured_media":22947,"parent":0,"menu_order":0,"comment_status":"closed","ping_status":"closed","template":"","meta":{"footnotes":""},"class_list":["post-22945","page","type-page","status-publish","has-post-thumbnail","hentry"],"aioseo_notices":[],"_links":{"self":[{"href":"https:\/\/www.oltresrl.eu\/index.php\/wp-json\/wp\/v2\/pages\/22945","targetHints":{"allow":["GET"]}}],"collection":[{"href":"https:\/\/www.oltresrl.eu\/index.php\/wp-json\/wp\/v2\/pages"}],"about":[{"href":"https:\/\/www.oltresrl.eu\/index.php\/wp-json\/wp\/v2\/types\/page"}],"author":[{"embeddable":true,"href":"https:\/\/www.oltresrl.eu\/index.php\/wp-json\/wp\/v2\/users\/12"}],"replies":[{"embeddable":true,"href":"https:\/\/www.oltresrl.eu\/index.php\/wp-json\/wp\/v2\/comments?post=22945"}],"version-history":[{"count":47,"href":"https:\/\/www.oltresrl.eu\/index.php\/wp-json\/wp\/v2\/pages\/22945\/revisions"}],"predecessor-version":[{"id":23011,"href":"https:\/\/www.oltresrl.eu\/index.php\/wp-json\/wp\/v2\/pages\/22945\/revisions\/23011"}],"wp:featuredmedia":[{"embeddable":true,"href":"https:\/\/www.oltresrl.eu\/index.php\/wp-json\/wp\/v2\/media\/22947"}],"wp:attachment":[{"href":"https:\/\/www.oltresrl.eu\/index.php\/wp-json\/wp\/v2\/media?parent=22945"}],"curies":[{"name":"wp","href":"https:\/\/api.w.org\/{rel}","templated":true}]}}